{"id":386,"date":"2019-04-24T15:22:29","date_gmt":"2019-04-24T15:22:29","guid":{"rendered":"http:\/\/demo.casethemes.net\/multio-industrial\/?page_id=386"},"modified":"2026-03-27T16:04:22","modified_gmt":"2026-03-27T15:04:22","slug":"home","status":"publish","type":"page","link":"https:\/\/www.climagaine.tn\/","title":{"rendered":"Home"},"content":{"rendered":"<div class=\"wpb-content-wrapper\"><p>[vc_row full_width=&#8221;stretch_row_content_no_spaces&#8221; el_id=&#8221;section-home&#8221;][vc_column][rev_slider_vc alias=&#8221;industrial1&#8243; el_class=&#8221;arrow-style3&#8243;][\/vc_column][\/vc_row][vc_row el_id=&#8221;services&#8221;][vc_column css=&#8221;.vc_custom_1558427447692{margin-bottom: -34px !important;padding-top: 113px !important;padding-bottom: 0px !important;}&#8221;][vc_row_inner content_placement=&#8221;middle&#8221; css=&#8221;.vc_custom_1558426183631{padding-bottom: 10px !important;}&#8221;][vc_column_inner width=&#8221;1\/2&#8243; css=&#8221;.vc_custom_1557817659560{padding-top: 0px !important;padding-bottom: 59px !important;}&#8221;][ct_heading text=&#8221;Conception et fabrication de <cite>gaines de ventilation<\/cite>&#8221; font_weight=&#8221;&#8221; text_color=&#8221;#012068&#8243; subtitle=&#8221;Services&#8221; description_font_weight=&#8221;inherit&#8221; margin_bottom=&#8221;0&#8243;][\/vc_column_inner][\/vc_row_inner][ct_services_carousel cms_template=&#8221;ct_services_carousel&#8211;layout3.php&#8221; testimonial_item_l3=&#8221;%5B%7B%22title%22%3A%22Panoplie%20de%20Produits%22%2C%22description%22%3A%22Nous%20posons%20de%20la%20gaine%20rectangulaire%20et%20circulaire%2C%20des%20pi%C3%A8ces%20de%20forme%20(renvoi%2C%20r%C3%A9duction%2C%20transformation%E2%80%A6)%20mais%20%C3%A9galement%20des%20accessoires%20standards%20ou%20%C3%A0%20joint.%22%2C%22icon%22%3A%221226%22%2C%22icon_hover%22%3A%221225%22%2C%22button_text%22%3A%22D%C3%A9tails%22%2C%22button_link%22%3A%22url%3Ahttps%253A%252F%252Fwww.climagaine.tn%252Findex.php%252Fbrochure%252F%22%2C%22bg_image%22%3A%222129%22%7D%2C%7B%22title%22%3A%22Confiez%20nous%20vos%20chantiers%20ambitieux%20et%20techniques.%22%2C%22description%22%3A%22Chez%20ClimaGaine%2C%2060%20personnes%20sont%20affect%C3%A9es%20%C3%A0%20la%20gestion%20de%20chantier%20et%20au%20montage%20des%20r%C3%A9seaux%20de%20gaine%20de%20distribution%20de%20l&#8217;air.%22%2C%22icon%22%3A%221228%22%2C%22icon_hover%22%3A%221227%22%2C%22button_text%22%3A%22D%C3%A9tails%22%2C%22button_link%22%3A%22url%3Ahttps%253A%252F%252Fwww.climagaine.tn%252Findex.php%252Fbrochure%252F%22%2C%22bg_image%22%3A%222130%22%7D%2C%7B%22title%22%3A%22Conception%20et%20fabrication%20de%20pi%C3%A8ces%20sur%20mesure%22%2C%22description%22%3A%22Nos%20%C3%A9quipes%20sont%20continuellement%20en%20lien%20avec%20nos%20clients%20pour%20d%C3%A9finir%20ensemble%20les%20produits%20n%C3%A9cessaires%20en%20r%C3%A9ponses%20aux%20exigences%20et%20besoin%20du%20terrain.%22%2C%22icon%22%3A%221230%22%2C%22icon_hover%22%3A%221229%22%2C%22button_text%22%3A%22D%C3%A9tails%22%2C%22button_link%22%3A%22url%3Ahttps%253A%252F%252Fwww.climagaine.tn%252Findex.php%252Fbrochure%252F%22%2C%22bg_image%22%3A%222132%22%7D%5D&#8221; col_xs=&#8221;1&#8243; col_sm=&#8221;2&#8243; col_md=&#8221;3&#8243; col_lg=&#8221;3&#8243; col_xl=&#8221;3&#8243; margin=&#8221;36&#8243; margin_md=&#8221;30&#8243; loop=&#8221;true&#8221;][ct_space space_lg=&#8221;0&#8243; space_md=&#8221;50&#8243; space_sm=&#8221;50&#8243; space_xs=&#8221;50&#8243;][\/vc_column][\/vc_row][vc_row full_width=&#8221;stretch_row&#8221; ct_row_class=&#8221;row-divider1&#8243; bg_image_position=&#8221;bg-image-ps-center&#8221; el_id=&#8221;about&#8221; css=&#8221;.vc_custom_1558454993778{background: #012068 url(http:\/\/www.climagaine.tn\/wp-content\/uploads\/2019\/05\/bg-section1.png?id=1237) !important;background-position: center !important;background-repeat: no-repeat !important;background-size: cover !important;}&#8221; el_class=&#8221;row-offset&#8211;91&#8243;][vc_column css=&#8221;.vc_custom_1558492310899{padding-top: 0px !important;}&#8221;][ct_space space_lg=&#8221;277&#8243; space_md=&#8221;200&#8243; space_sm=&#8221;200&#8243; space_xs=&#8221;200&#8243;][vc_row_inner][vc_column_inner width=&#8221;1\/2&#8243; ct_column_inner_class=&#8221;rm-padding-lg&#8221; css=&#8221;.vc_custom_1557740005874{margin-top: -6px !important;padding-top: 0px !important;padding-right: 45px !important;}&#8221;][ct_heading text=&#8221;R\u00e9alisations de gaines de ventilation sur <cite>mesure<\/cite>&#8221; font_weight=&#8221;&#8221; text_color=&#8221;#ffffff&#8221; subtitle=&#8221;A propos ClimaGaine&#8221; description_font_weight=&#8221;inherit&#8221; margin_bottom=&#8221;36&#8243;][vc_column_text css=&#8221;.vc_custom_1738484243210{margin-bottom: 42px !important;}&#8221; text_style=&#8221;text-block1&#8243; el_class=&#8221;color-white&#8221;]Sp\u00e9cialiste de la conception des syst\u00e8mes de ventilation professionnels<\/p>\n<p>La\u00a0<strong>ventilation<\/strong>\u00a0est un \u00e9l\u00e9ment essentiel pour le confort et la sant\u00e9 des occupants d\u2019un b\u00e2timent. Elle permet de renouveler l\u2019air, d\u2019\u00e9liminer les polluants et d\u2019assurer une bonne qualit\u00e9 de l\u2019air int\u00e9rieur.<\/p>\n<p>Nos\u00a0<strong>gaines de ventilation sont fabriqu\u00e9es en Tunisie<\/strong>, \u00e0 partir de mat\u00e9riaux de qualit\u00e9. Elles sont con\u00e7ues pour r\u00e9pondre aux besoins sp\u00e9cifiques de chaque client.[\/vc_column_text][ct_button button_text=&#8221;Nos Produits&#8221; button_link=&#8221;url:https%3A%2F%2Fwww.climagaine.tn%2Findex.php%2Fshop%2F&#8221; padding_right=&#8221;60&#8243; padding_left=&#8221;60&#8243; el_class=&#8221;btn-scroll&#8221;][ct_space space_lg=&#8221;0&#8243; space_md=&#8221;0&#8243; space_sm=&#8221;0&#8243; space_xs=&#8221;60&#8243;][\/vc_column_inner][vc_column_inner width=&#8221;1\/2&#8243; ct_column_inner_class=&#8221;rm-padding-md&#8221; animation_column=&#8221;fadeInRight&#8221; css=&#8221;.vc_custom_1557739232848{padding-top: 0px !important;padding-left: 75px !important;}&#8221;][ct_video_player video_link=&#8221;url:https%3A%2F%2Fwww.youtube.com%2Fwatch%3Fv%3DdXiKOSkn3jY&#8221; video_intro=&#8221;2446&#8243; btn_styles=&#8221;style4&#8243; intro_styles=&#8221;style2&#8243;][\/vc_column_inner][\/vc_row_inner][ct_space space_lg=&#8221;277&#8243; space_md=&#8221;200&#8243; space_sm=&#8221;200&#8243; space_xs=&#8221;200&#8243;][\/vc_column][\/vc_row][vc_row el_id=&#8221;features&#8221; el_class=&#8221;row-offset-155&#8243;][vc_column css=&#8221;.vc_custom_1558433737762{margin-top: -40px !important;padding-top: 0px !important;padding-bottom: 125px !important;}&#8221;][ct_space space_lg=&#8221;0&#8243; space_md=&#8221;160&#8243; space_sm=&#8221;160&#8243; space_xs=&#8221;160&#8243;][vc_row_inner content_placement=&#8221;middle&#8221; css=&#8221;.vc_custom_1558426183631{padding-bottom: 10px !important;}&#8221;][vc_column_inner css=&#8221;.vc_custom_1558433656527{padding-top: 0px !important;}&#8221;][ct_heading styles=&#8221;style2&#8243; text=&#8221;Nos gaines de ventilation sont fabriqu\u00e9es en Tunisie, \u00e0 partir de<cite> mat\u00e9riaux de qualit\u00e9.<br \/>\n<\/cite>&#8221; font_weight=&#8221;&#8221; text_color=&#8221;#012068&#8243; subtitle=&#8221;Nos Produits&#8221; description_font_weight=&#8221;inherit&#8221; margin_bottom=&#8221;0&#8243;][ct_space space_lg=&#8221;45&#8243; space_md=&#8221;45&#8243; space_sm=&#8221;45&#8243; space_xs=&#8221;60&#8243;][ct_space space_lg=&#8221;45&#8243; space_md=&#8221;45&#8243; space_sm=&#8221;45&#8243; space_xs=&#8221;60&#8243;][\/vc_column_inner][\/vc_row_inner][vc_row_inner][vc_column_inner width=&#8221;1\/2&#8243; css=&#8221;.vc_custom_1558433779040{padding-top: 30px !important;}&#8221; offset=&#8221;vc_col-lg-3 vc_col-md-3&#8243; animation_column=&#8221;fadeInUp&#8221;][ct_single_showcase showcase_image=&#8221;2105&#8243; demo_link=&#8221;url:https%3A%2F%2Fwww.climagaine.tn%2Findex.php%2Fshop%2F&#8221; title=&#8221;Gaines Rectangulaires&#8221;][\/vc_column_inner][vc_column_inner width=&#8221;1\/2&#8243; css=&#8221;.vc_custom_1558433795188{padding-top: 30px !important;}&#8221; offset=&#8221;vc_col-lg-3 vc_col-md-3&#8243; animation_column=&#8221;fadeInUp&#8221;][ct_single_showcase showcase_image=&#8221;2106&#8243; demo_link=&#8221;url:https%3A%2F%2Fwww.climagaine.tn%2Findex.php%2Fshop%2F&#8221; title=&#8221;R\u00e9duction&#8221;][\/vc_column_inner][vc_column_inner width=&#8221;1\/2&#8243; css=&#8221;.vc_custom_1558433810070{padding-top: 30px !important;}&#8221; offset=&#8221;vc_col-lg-3 vc_col-md-3&#8243; animation_column=&#8221;fadeInUp&#8221;][ct_single_showcase showcase_image=&#8221;2108&#8243; demo_link=&#8221;url:https%3A%2F%2Fwww.climagaine.tn%2Findex.php%2Fshop%2F&#8221; title=&#8221;Coude \u00e0 90&#8243;][\/vc_column_inner][vc_column_inner width=&#8221;1\/2&#8243; css=&#8221;.vc_custom_1558433824420{padding-top: 30px !important;}&#8221; offset=&#8221;vc_col-lg-3 vc_col-md-3&#8243; animation_column=&#8221;fadeInUp&#8221;][ct_single_showcase showcase_image=&#8221;2109&#8243; demo_link=&#8221;url:https%3A%2F%2Fwww.climagaine.tn%2Findex.php%2Fshop%2F&#8221; title=&#8221;Profil U&#8221;][\/vc_column_inner][\/vc_row_inner][vc_row_inner][vc_column_inner width=&#8221;1\/2&#8243; css=&#8221;.vc_custom_1558433788048{padding-top: 30px !important;}&#8221; offset=&#8221;vc_col-lg-3 vc_col-md-3&#8243; animation_column=&#8221;fadeInUp&#8221;][ct_single_showcase showcase_image=&#8221;2114&#8243; demo_link=&#8221;url:https%3A%2F%2Fwww.climagaine.tn%2Findex.php%2Fshop%2F&#8221; title=&#8221;Fond grillag\u00e9&#8221;][\/vc_column_inner][vc_column_inner width=&#8221;1\/2&#8243; css=&#8221;.vc_custom_1558433802991{padding-top: 30px !important;}&#8221; offset=&#8221;vc_col-lg-3 vc_col-md-3&#8243; animation_column=&#8221;fadeInUp&#8221;][ct_single_showcase showcase_image=&#8221;2113&#8243; demo_link=&#8221;url:https%3A%2F%2Fwww.climagaine.tn%2Findex.php%2Fshop%2F&#8221; title=&#8221;Transfo&#8221;][\/vc_column_inner][vc_column_inner width=&#8221;1\/2&#8243; css=&#8221;.vc_custom_1558433818002{padding-top: 30px !important;}&#8221; offset=&#8221;vc_col-lg-3 vc_col-md-3&#8243; animation_column=&#8221;fadeInUp&#8221;][ct_single_showcase showcase_image=&#8221;2112&#8243; demo_link=&#8221;url:https%3A%2F%2Fwww.climagaine.tn%2Findex.php%2Fshop%2F&#8221; title=&#8221;Manchette souple&#8221;][\/vc_column_inner][vc_column_inner width=&#8221;1\/2&#8243; css=&#8221;.vc_custom_1558433831766{padding-top: 30px !important;}&#8221; offset=&#8221;vc_col-lg-3 vc_col-md-3&#8243; animation_column=&#8221;fadeInUp&#8221;][ct_single_showcase showcase_image=&#8221;2111&#8243; demo_link=&#8221;url:https%3A%2F%2Fwww.climagaine.tn%2Findex.php%2Fshop%2F&#8221; title=&#8221;Piquage&#8221;][\/vc_column_inner][\/vc_row_inner][\/vc_column][\/vc_row][vc_row content_placement=&#8221;middle&#8221; css=&#8221;.vc_custom_1557799634842{padding-top: 120px !important;}&#8221;][vc_column css_animation=&#8221;fadeInLeft&#8221; width=&#8221;1\/2&#8243; ct_column_class=&#8221;rm-padding-lg&#8221; css=&#8221;.vc_custom_1557886905101{padding-top: 0px !important;padding-right: 50px !important;}&#8221;][ct_contact_form id=&#8221;1068&#8243; title_color=&#8221;#012068&#8243; title=&#8221;Demandez un devis :&#8221;][\/vc_column][vc_column width=&#8221;1\/2&#8243; ct_column_class=&#8221;rm-padding-lg&#8221; css=&#8221;.vc_custom_1557825824125{padding-top: 0px !important;padding-left: 80px !important;}&#8221;][ct_space space_lg=&#8221;0&#8243; space_md=&#8221;0&#8243; space_sm=&#8221;0&#8243; space_xs=&#8221;60&#8243;][ct_heading text=&#8221;La solution compl\u00e8te pour vos besoins de <cite>ventilation .<\/cite>&#8221; font_weight=&#8221;&#8221; text_color=&#8221;#012068&#8243; subtitle=&#8221;Pourquoi ClimaGaine ?&#8221; description_font_weight=&#8221;inherit&#8221; margin_bottom=&#8221;40&#8243;][vc_column_text css=&#8221;.vc_custom_1732455083047{margin-bottom: 28px !important;}&#8221; text_style=&#8221;text-block1&#8243;]Pour un devis gratuit veuillez remplir le formulaire suivant et nous dire quels sont les produits que vous d\u00e9sirez.[\/vc_column_text][ct_list description_color=&#8221;#333333&#8243; icon_list=&#8221;fontawesome5&#8243; icon_fontawesome5=&#8221;fac fac-check&#8221; icon_weight=&#8221;icon-far&#8221; icon_color=&#8221;#2293ff&#8221; description_list=&#8221;T\u00f4lerie industrielle.&#8221;][vc_empty_space height=&#8221;26&#8243;][ct_list description_color=&#8221;#333333&#8243; icon_list=&#8221;fontawesome5&#8243; icon_fontawesome5=&#8221;fac fac-check&#8221; icon_weight=&#8221;icon-far&#8221; icon_color=&#8221;#2293ff&#8221; description_list=&#8221;Gaines de ventilation.&#8221;][vc_empty_space height=&#8221;26&#8243;][ct_list description_color=&#8221;#333333&#8243; icon_list=&#8221;fontawesome5&#8243; icon_fontawesome5=&#8221;fac fac-check&#8221; icon_weight=&#8221;icon-far&#8221; icon_color=&#8221;#2293ff&#8221; description_list=&#8221;Accessoires de ventilation.&#8221;][vc_empty_space height=&#8221;26&#8243;][ct_list description_color=&#8221;#333333&#8243; icon_list=&#8221;fontawesome5&#8243; icon_fontawesome5=&#8221;fac fac-check&#8221; icon_weight=&#8221;icon-far&#8221; icon_color=&#8221;#2293ff&#8221; description_list=&#8221;Fabrication sur mesure.&#8221;][ct_space space_lg=&#8221;0&#8243; space_md=&#8221;0&#8243; space_sm=&#8221;0&#8243; space_xs=&#8221;90&#8243;][\/vc_column][\/vc_row][vc_row full_width=&#8221;stretch_row_content_no_spaces&#8221; bg_image_position=&#8221;bg-image-ps-center&#8221; css=&#8221;.vc_custom_1558455671590{background: #012068 url(http:\/\/www.climagaine.tn\/wp-content\/uploads\/2019\/05\/bg-map.png?id=1282) !important;background-position: 0 0 !important;background-repeat: no-repeat !important;}&#8221; el_id=&#8221;testimonials&#8221;][vc_column ct_column_class=&#8221;rm-padding-md&#8221; css=&#8221;.vc_custom_1558455748252{padding-top: 115px !important;padding-bottom: 96px !important;}&#8221;][ct_heading text=&#8221;Ils parlent de ClimaGaine<br \/>\nQuelques clients <cite>heureux<\/cite>&#8221; align_lg=&#8221;align-center&#8221; align_md=&#8221;align-center-md&#8221; align_sm=&#8221;align-center-sm&#8221; align_xs=&#8221;align-center-xs&#8221; font_weight=&#8221;&#8221; text_color=&#8221;#ffffff&#8221; subtitle=&#8221;T\u00e9moignage Clients&#8221; description_font_weight=&#8221;inherit&#8221; margin_bottom=&#8221;55&#8243;][ct_testimonial_carousel testimonial_item=&#8221;%5B%7B%22title%22%3A%22Hazem%20Ben%20Nejma%22%2C%22content%22%3A%22Je%20suis%20ravie%20de%20l&#8217;%C3%A9coute%20re%C3%A7u%20au%201er%20contact%20t%C3%A9l%C3%A9phonique%20ainsi%20que%20le%20professionnalisme%2C%20la%20rapidit%C3%A9%2C%20la%20gentillesse%20et%20les%20conseils%20re%C3%A7us.%22%2C%22image%22%3A%221153%22%2C%22rating%22%3A%22star5%22%7D%2C%7B%22title%22%3A%22Nadim%20Zeghidi%22%2C%22content%22%3A%22Bon%20accueil%20lors%20des%20contacts%20t%C3%A9l%C3%A9phoniques.%20Diligence%20dans%20les%20r%C3%A9ponses%20de%20devis%2C%20de%20a%20prise%20de%20rendez%20vous%20et%20du%20compte%20rendu%20d&#8217;intervention.%20Technicien%20serviable%2C%20professionnel%2C%20%C3%A9quip%C3%A9%20de%20bon%20conseil.%20Au%20top.%22%2C%22image%22%3A%221152%22%2C%22rating%22%3A%22star5%22%7D%2C%7B%22title%22%3A%22Hassen%20Missaoui%22%2C%22content%22%3A%22Equipe%20professionnelle%20qui%20vous%20conseille%20tout%20le%20long%20du%20projet%20et%20toujours%20%C3%A0%20l&#8217;%C3%A9coute%2C%20je%20recommande%20fortement.%22%2C%22image%22%3A%221151%22%2C%22rating%22%3A%22star5%22%7D%2C%7B%22title%22%3A%22Lina%20Dhoris%22%2C%22content%22%3A%22R%C3%A9pondent%20rapidement%20au%20t%C3%A9l%C3%A9phone.%20Technicien%20sympathique%2C%20consciencieux%20et%20fait%20preuve%20d%E2%80%99un%20professionnalisme%20qui%20se%20fait%20rare%20de%20nos%20jours.%20Merci%20ClimaGaine.%22%2C%22image%22%3A%22353%22%2C%22rating%22%3A%22star5%22%7D%2C%7B%22title%22%3A%22Sarah%20Rouissi%22%2C%22content%22%3A%22%20Travail%20professionnel%20avec%20du%20mat%C3%A9riel%20de%20qualit%C3%A9%20et%20un%20prix%20correct.%20Thanks%20ClimaGaine%22%2C%22image%22%3A%221154%22%2C%22rating%22%3A%22star5%22%7D%5D&#8221; col_xs=&#8221;1&#8243; col_sm=&#8221;1&#8243; col_md=&#8221;3&#8243; col_lg=&#8221;3&#8243; col_xl=&#8221;4&#8243; margin=&#8221;60&#8243; loop=&#8221;true&#8221; autoplay=&#8221;true&#8221; autoplay_timeout=&#8221;5000&#8243; smart_speed=&#8221;500&#8243; center=&#8221;true&#8221; bullets=&#8221;true&#8221; el_class=&#8221;style-secondary&#8221;][\/vc_column][\/vc_row][vc_row el_id=&#8221;blog&#8221;][vc_column css=&#8221;.vc_custom_1556959588168{padding-top: 110px !important;}&#8221;][ct_heading text=&#8221;Suivez nos derni\u00e8res <cite>Actualit\u00e9s<\/cite>&#8221; font_weight=&#8221;&#8221; text_color=&#8221;#012068&#8243; subtitle=&#8221;News&#8221; description_font_weight=&#8221;inherit&#8221; margin_bottom=&#8221;0&#8243;][ct_services_carousel cms_template=&#8221;ct_services_carousel&#8211;layout3.php&#8221; testimonial_item_l3=&#8221;%5B%7B%22title%22%3A%22Salon%20Expo%20Interclima%202019%20%7C%20Paris%20%7C%20France%22%2C%22bg_image%22%3A%222379%22%7D%2C%7B%22title%22%3A%22Lancement%20de%20la%20nouvelle%20version%20du%20site%20web%20ClimaGaine%22%2C%22bg_image%22%3A%222404%22%7D%2C%7B%22title%22%3A%22Partenariat%20HVAC%20METAL%22%2C%22bg_image%22%3A%222409%22%7D%2C%7B%22title%22%3A%22Salon%20Expo%202022%20%7C%20Paris%20%7C%20France%22%2C%22bg_image%22%3A%222385%22%7D%5D&#8221; hover_style_l3=&#8221;hover-style3&#8243; col_xs=&#8221;1&#8243; col_sm=&#8221;2&#8243; col_md=&#8221;3&#8243; col_lg=&#8221;4&#8243; col_xl=&#8221;4&#8243; loop=&#8221;true&#8221; autoplay=&#8221;true&#8221; arrows=&#8221;true&#8221; bullets=&#8221;true&#8221;][\/vc_column][\/vc_row][vc_row][vc_column css=&#8221;.vc_custom_1556962156012{padding-top: 50px !important;padding-bottom: 80px !important;}&#8221;][ct_heading text=&#8221;Ils nous ont fait <cite>confiance<\/cite>&#8221; font_weight=&#8221;&#8221; text_color=&#8221;#012068&#8243; subtitle=&#8221;Partenaires&#8221; description_font_weight=&#8221;inherit&#8221; margin_bottom=&#8221;0&#8243;][ct_client_carousel client_item=&#8221;%5B%7B%22image%22%3A%222116%22%2C%22link%22%3A%22url%3A%2523%7C%7C%7C%22%7D%2C%7B%22image%22%3A%222432%22%2C%22link%22%3A%22url%3A%2523%7C%7C%7C%22%7D%2C%7B%22image%22%3A%222123%22%2C%22link%22%3A%22url%3A%2523%7C%7C%7C%22%7D%2C%7B%22image%22%3A%222402%22%2C%22link%22%3A%22url%3A%2523%7C%7C%7C%22%7D%5D&#8221; col_xs=&#8221;2&#8243; col_sm=&#8221;2&#8243; col_md=&#8221;3&#8243; col_lg=&#8221;4&#8243; col_xl=&#8221;4&#8243; loop=&#8221;true&#8221; autoplay=&#8221;true&#8221; autoplay_timeout=&#8221;6000&#8243; smart_speed=&#8221;500&#8243; center=&#8221;true&#8221; bullets=&#8221;true&#8221;][\/vc_column][\/vc_row]<\/p>\n<\/div>","protected":false},"excerpt":{"rendered":"<p>[vc_row full_width=&#8221;stretch_row_content_no_spaces&#8221; el_id=&#8221;section-home&#8221;][vc_column][rev_slider_vc alias=&#8221;industrial1&#8243; el_class=&#8221;arrow-style3&#8243;][\/vc_column][\/vc_row][vc_row el_id=&#8221;services&#8221;][vc_column css=&#8221;.vc_custom_1558427447692{margin-bottom: -34px !important;padding-top: 113px !important;padding-bottom: 0px !important;}&#8221;][vc_row_inner content_placement=&#8221;middle&#8221; css=&#8221;.vc_custom_1558426183631{padding-bottom: 10px !important;}&#8221;][vc_column_inner width=&#8221;1\/2&#8243; css=&#8221;.vc_custom_1557817659560{padding-top: 0px !important;padding-bottom: 59px !important;}&#8221;][ct_heading text=&#8221;Conception et fabrication de gaines de ventilation&#8221; font_weight=&#8221;&#8221; text_color=&#8221;#012068&#8243; subtitle=&#8221;Services&#8221; description_font_weight=&#8221;inherit&#8221; margin_bottom=&#8221;0&#8243;][\/vc_column_inner][\/vc_row_inner][ct_services_carousel cms_template=&#8221;ct_services_carousel&#8211;layout3.php&#8221; testimonial_item_l3=&#8221;%5B%7B%22title%22%3A%22Panoplie%20de%20Produits%22%2C%22description%22%3A%22Nous%20posons%20de%20la%20gaine%20rectangulaire%20et%20circulaire%2C%20des%20pi%C3%A8ces%20de%20forme%20(renvoi%2C%20r%C3%A9duction%2C%20transformation%E2%80%A6)%20mais%20%C3%A9galement%20des%20accessoires%20standards%20ou%20%C3%A0%20joint.%22%2C%22icon%22%3A%221226%22%2C%22icon_hover%22%3A%221225%22%2C%22button_text%22%3A%22D%C3%A9tails%22%2C%22button_link%22%3A%22url%3Ahttps%253A%252F%252Fwww.climagaine.tn%252Findex.php%252Fbrochure%252F%22%2C%22bg_image%22%3A%222129%22%7D%2C%7B%22title%22%3A%22Confiez%20nous%20vos%20chantiers%20ambitieux%20et%20techniques.%22%2C%22description%22%3A%22Chez%20ClimaGaine%2C%2060%20personnes%20sont%20affect%C3%A9es%20%C3%A0%20la%20gestion%20de%20chantier%20et%20au%20montage%20des%20r%C3%A9seaux%20de%20gaine%20de%20distribution%20de%20l&#8217;air.%22%2C%22icon%22%3A%221228%22%2C%22icon_hover%22%3A%221227%22%2C%22button_text%22%3A%22D%C3%A9tails%22%2C%22button_link%22%3A%22url%3Ahttps%253A%252F%252Fwww.climagaine.tn%252Findex.php%252Fbrochure%252F%22%2C%22bg_image%22%3A%222130%22%7D%2C%7B%22title%22%3A%22Conception%20et%20fabrication%20de%20pi%C3%A8ces%20sur%20mesure%22%2C%22description%22%3A%22Nos%20%C3%A9quipes%20sont%20continuellement%20en%20lien%20avec%20nos%20clients%20pour%20d%C3%A9finir%20ensemble%20les%20produits%20n%C3%A9cessaires%20en%20r%C3%A9ponses%20aux%20exigences%20et%20besoin%20du%20terrain.%22%2C%22icon%22%3A%221230%22%2C%22icon_hover%22%3A%221229%22%2C%22button_text%22%3A%22D%C3%A9tails%22%2C%22button_link%22%3A%22url%3Ahttps%253A%252F%252Fwww.climagaine.tn%252Findex.php%252Fbrochure%252F%22%2C%22bg_image%22%3A%222132%22%7D%5D&#8221; col_xs=&#8221;1&#8243; col_sm=&#8221;2&#8243; col_md=&#8221;3&#8243; col_lg=&#8221;3&#8243; col_xl=&#8221;3&#8243; margin=&#8221;36&#8243; margin_md=&#8221;30&#8243; loop=&#8221;true&#8221;][ct_space space_lg=&#8221;0&#8243; space_md=&#8221;50&#8243; space_sm=&#8221;50&#8243; space_xs=&#8221;50&#8243;][\/vc_column][\/vc_row][vc_row full_width=&#8221;stretch_row&#8221; ct_row_class=&#8221;row-divider1&#8243; bg_image_position=&#8221;bg-image-ps-center&#8221; el_id=&#8221;about&#8221; css=&#8221;.vc_custom_1558454993778{background: #012068&#8230;<\/p>\n","protected":false},"author":1,"featured_media":0,"parent":0,"menu_order":0,"comment_status":"closed","ping_status":"closed","template":"","meta":{"footnotes":""},"class_list":["post-386","page","type-page","status-publish","hentry"],"jetpack_sharing_enabled":true,"_links":{"self":[{"href":"https:\/\/www.climagaine.tn\/index.php\/wp-json\/wp\/v2\/pages\/386","targetHints":{"allow":["GET"]}}],"collection":[{"href":"https:\/\/www.climagaine.tn\/index.php\/wp-json\/wp\/v2\/pages"}],"about":[{"href":"https:\/\/www.climagaine.tn\/index.php\/wp-json\/wp\/v2\/types\/page"}],"author":[{"embeddable":true,"href":"https:\/\/www.climagaine.tn\/index.php\/wp-json\/wp\/v2\/users\/1"}],"replies":[{"embeddable":true,"href":"https:\/\/www.climagaine.tn\/index.php\/wp-json\/wp\/v2\/comments?post=386"}],"version-history":[{"count":74,"href":"https:\/\/www.climagaine.tn\/index.php\/wp-json\/wp\/v2\/pages\/386\/revisions"}],"predecessor-version":[{"id":2506,"href":"https:\/\/www.climagaine.tn\/index.php\/wp-json\/wp\/v2\/pages\/386\/revisions\/2506"}],"wp:attachment":[{"href":"https:\/\/www.climagaine.tn\/index.php\/wp-json\/wp\/v2\/media?parent=386"}],"curies":[{"name":"wp","href":"https:\/\/api.w.org\/{rel}","templated":true}]}}