{"id":441,"date":"2018-08-02T01:18:28","date_gmt":"2018-08-02T01:18:28","guid":{"rendered":"http:\/\/localhost\/unfinityplus\/product\/import-placeholder-for-46\/"},"modified":"2024-12-10T14:36:07","modified_gmt":"2024-12-10T13:36:07","slug":"conduit-spirale-agrafe-3m-125-galva","status":"publish","type":"product","link":"https:\/\/www.climagaine.tn\/index.php\/product\/conduit-spirale-agrafe-3m-125-galva\/","title":{"rendered":"Conduit spiral\u00e9 agraf\u00e9 3M 125 Galva"},"content":{"rendered":"<p>Conduit spiral\u00e9 agraf\u00e9 3M 125 Galva ,cet \u00e9l\u00e9ment d\u2019\u00e9tage de 3m vous permet de cr\u00e9er un r\u00e9seau de distribution d\u2019air solide et fiable gr\u00e2ce \u00e0 sa mati\u00e8re en acier galvanis\u00e9 et sa forme spiral\u00e9e. Les accessoires s\u2019emboitent rapidement sur le conduit pour une installation facilit\u00e9e.<\/p>\n<ul>\n<li>Longueur : 3 m<\/li>\n<li>Diam\u00e8tre : 125 mm<\/li>\n<li>Acier galvanis\u00e9<\/li>\n<\/ul>\n","protected":false},"excerpt":{"rendered":"<h1 class=\"product_title entry-title wd-entities-title\">Conduit spiral\u00e9 agraf\u00e9 3M 125 Galva<\/h1>\n","protected":false},"featured_media":2315,"comment_status":"open","ping_status":"closed","template":"","meta":[],"product_brand":[],"product_cat":[33],"product_tag":[61],"class_list":{"0":"post-441","1":"product","2":"type-product","3":"status-publish","4":"has-post-thumbnail","6":"product_cat-gaines-accessoires","7":"product_tag-conduits-spirales","9":"first","10":"instock","11":"featured","12":"shipping-taxable","13":"product-type-simple"},"jetpack_sharing_enabled":true,"_links":{"self":[{"href":"https:\/\/www.climagaine.tn\/index.php\/wp-json\/wp\/v2\/product\/441","targetHints":{"allow":["GET"]}}],"collection":[{"href":"https:\/\/www.climagaine.tn\/index.php\/wp-json\/wp\/v2\/product"}],"about":[{"href":"https:\/\/www.climagaine.tn\/index.php\/wp-json\/wp\/v2\/types\/product"}],"replies":[{"embeddable":true,"href":"https:\/\/www.climagaine.tn\/index.php\/wp-json\/wp\/v2\/comments?post=441"}],"wp:featuredmedia":[{"embeddable":true,"href":"https:\/\/www.climagaine.tn\/index.php\/wp-json\/wp\/v2\/media\/2315"}],"wp:attachment":[{"href":"https:\/\/www.climagaine.tn\/index.php\/wp-json\/wp\/v2\/media?parent=441"}],"wp:term":[{"taxonomy":"product_brand","embeddable":true,"href":"https:\/\/www.climagaine.tn\/index.php\/wp-json\/wp\/v2\/product_brand?post=441"},{"taxonomy":"product_cat","embeddable":true,"href":"https:\/\/www.climagaine.tn\/index.php\/wp-json\/wp\/v2\/product_cat?post=441"},{"taxonomy":"product_tag","embeddable":true,"href":"https:\/\/www.climagaine.tn\/index.php\/wp-json\/wp\/v2\/product_tag?post=441"}],"curies":[{"name":"wp","href":"https:\/\/api.w.org\/{rel}","templated":true}]}}