{"id":446,"date":"2018-08-02T01:18:29","date_gmt":"2018-08-02T01:18:29","guid":{"rendered":"http:\/\/localhost\/unfinityplus\/product\/import-placeholder-for-66\/"},"modified":"2024-12-10T13:09:09","modified_gmt":"2024-12-10T12:09:09","slug":"croix-galva-90-100-100","status":"publish","type":"product","link":"https:\/\/www.climagaine.tn\/index.php\/product\/croix-galva-90-100-100\/","title":{"rendered":"Croix galva 90\u00b0 100 100"},"content":{"rendered":"<p>Croix galva 90\u00b0 100 100, \u00a0facile \u00e0 monter, cette croix \u00e9querre est utilis\u00e9e pour raccorder trois branches \u00e0 90\u00b0 l\u2019une de l\u2019autre sur un m\u00eame conduit.<\/p>\n<ul>\n<li>\u00f8 100 mm<\/li>\n<li>90\u00b0<\/li>\n<li>Galva standard<\/li>\n<\/ul>\n","protected":false},"excerpt":{"rendered":"<h1 class=\"product_title entry-title wd-entities-title\">Croix galva 90\u00b0 100 100<\/h1>\n","protected":false},"featured_media":2327,"comment_status":"closed","ping_status":"closed","template":"","meta":[],"product_brand":[],"product_cat":[38,39,40],"product_tag":[54,53],"class_list":{"0":"post-446","1":"product","2":"type-product","3":"status-publish","4":"has-post-thumbnail","6":"product_cat-grilles-ventilation","7":"product_cat-plenums","8":"product_cat-registres-de-debit-dair","9":"product_tag-croix","10":"product_tag-galva","12":"first","13":"instock","14":"featured","15":"shipping-taxable","16":"product-type-simple"},"jetpack_sharing_enabled":true,"_links":{"self":[{"href":"https:\/\/www.climagaine.tn\/index.php\/wp-json\/wp\/v2\/product\/446","targetHints":{"allow":["GET"]}}],"collection":[{"href":"https:\/\/www.climagaine.tn\/index.php\/wp-json\/wp\/v2\/product"}],"about":[{"href":"https:\/\/www.climagaine.tn\/index.php\/wp-json\/wp\/v2\/types\/product"}],"replies":[{"embeddable":true,"href":"https:\/\/www.climagaine.tn\/index.php\/wp-json\/wp\/v2\/comments?post=446"}],"wp:featuredmedia":[{"embeddable":true,"href":"https:\/\/www.climagaine.tn\/index.php\/wp-json\/wp\/v2\/media\/2327"}],"wp:attachment":[{"href":"https:\/\/www.climagaine.tn\/index.php\/wp-json\/wp\/v2\/media?parent=446"}],"wp:term":[{"taxonomy":"product_brand","embeddable":true,"href":"https:\/\/www.climagaine.tn\/index.php\/wp-json\/wp\/v2\/product_brand?post=446"},{"taxonomy":"product_cat","embeddable":true,"href":"https:\/\/www.climagaine.tn\/index.php\/wp-json\/wp\/v2\/product_cat?post=446"},{"taxonomy":"product_tag","embeddable":true,"href":"https:\/\/www.climagaine.tn\/index.php\/wp-json\/wp\/v2\/product_tag?post=446"}],"curies":[{"name":"wp","href":"https:\/\/api.w.org\/{rel}","templated":true}]}}